8, -2*v + 2*w + x = 0. What is the tens digit of v?
9
What is the units digit of -13 + 16 + (10 - 3) + -4 + 4899?
5
Let x = -24836 - -36830. What is the thousands digit of x?
1
Suppose -h + 411 = -0*h. Suppose 13*t - h + 21 = 0. What is the tens digit of t?
3
Suppose 5*f = -o + 152, -3*o = -f + 2*o + 46. Let j = f - -17. Let s = -33 + j. What is the units digit of s?
5
Suppose -18*j + 318785 = y - 455719, 5*j - 215140 = -5*y. What is the tens digit of j?
2
Suppose -7*u = 7 + 7. Let t(v) = 9*v**2 - 6*v - 11. Let f be t(u). What is the tens digit of ((-6)/4)/((-21)/(-56)) + f?
3
Suppose -2*v + 3*l + 19023 = 0, 2*l = 5*v + 6*l - 47638. What is the hundreds digit of v?
5
Let y be (-8)/(-6) + 1219/69. Let o(l) = 9*l + 2. What is the tens digit of o(y)?
7
Suppose -2*z = 2*h + 2, 9*h + 10 = 2*z + 8*h. Suppose 5*b = 0, 634 = -2*j - z*b + 4108. What is the hundreds digit of j?
7
Let r = 151 + -384. Let h = r + 749. What is the tens digit of h?
1
Let k = -10553 - -15236. What is the thousands digit of k?
4
Let c be (66/24)/((-4)/(-16)). What is the tens digit of (c + 94 + 2)/(2/12)?
4
What is the units digit of (-1)/((-12)/78140) + -3 + 30/9?
2
Suppose 3*q = 1424 - 50. Let l = q + -274. What is the units digit of l?
4
Let a = 9042 - 4642. What is the units digit of a?
0
Let h(k) = k**3 - 4*k**2 - 7*k + 28. Let a be h(6). Suppose 6*u = a + 2966. What is the tens digit of u?
0
Let v = -326 + 623. Suppose 315 = 4*j - v. What is the hundreds digit of j?
1
Let u(r) be the third derivative of r**4/8 + 161*r**3/6 - 7*r**2 + r. What is the tens digit of u(16)?
0
Suppose -4*s = -8, 3*b + 2*s = 5039 - 667. Suppose -w - 550 + b = 0. What is the units digit of w?
6
Let q(i) = i**3 + 19*i**2 - 18*i - 72. Let v be q(-19). Suppose -14*p + 23*p = v. What is the units digit of p?
0
Let b(n) = -n**3 - 9*n**2 - n - 23. Let a = -23 + 19. Let y be (-39)/4 + ((-5)/a)/(-5). What is the tens digit of b(y)?
8
What is the tens digit of ((-4724)/10*-5)/(2/(32/4))?
4
Let f = 7279 + -3930. What is the tens digit of f?
4
Let l(i) = -i**3 + 8*i**2 - i + 13. Let x be l(8). Suppose 5*g - 1324 = 4*y + 1410, x*g = -y + 2729. What is the tens digit of g?
4
Let c be 21/63 - (-22)/6. Suppose -5*q + 4*k = -621, -q + c*q - 378 = -3*k. What is the units digit of q?
5
Suppose l = -2*g + 4, -3*l + 4 = 2*g + 2*l. Suppose -g*u = -4*y - y + 696, -2*u - 282 = -2*y. What is the tens digit of y?
3
Let a be (4 + -7)/((-21)/4207). Let s = -343 + a. What is the hundreds digit of s?
2
Let r(x) be the first derivative of -19*x**2/2 - 8*x + 2. Let a be r(-2). Let g = a + -29. What is the units digit of g?
1
Let y = 62 + -82. Let v = 24 + y. Suppose -v*r - 86 = -t - 2*r, 2*t - 140 = -4*r. What is the units digit of t?
8
Let d be 2/6 + (-38909)/(-39). Suppose -4*v = l - 1431, 3*v - 2*l - d - 67 = 0. What is the tens digit of v?
5
What is the units digit of (-4*(-2)/(-36) - 5586/(-189))*2487?
2
Let j(o) = 27*o + 40. Let m be j(-6). Let b = 794 + m. What is the tens digit of b?
7
Suppose -8*g - 1 = 7. Let f(i) = 52*i**2 - 4*i - 2. Let t be f(g). Let u = t - 5. What is the tens digit of u?
4
Suppose -770*v + 641*v = -219945. What is the thousands digit of v?
1
Let q(t) = 415*t**3 + 4*t**2 + t - 5. Let v(i) = i**2 - 1. Let b(d) = q(d) - 3*v(d). Let p be b(1). Suppose 2*n = 7*n - p. What is the tens digit of n?
8
Let d be (-290)/(-75) + 4/30. Suppose d*c = -2*b - 402, 0*b + c = -5*b - 987. Let w = -106 - b. What is the tens digit of w?
9
Let z(r) = 39828*r**3 + 2*r**2 + 19*r - 21. What is the units digit of z(1)?
8
Let u = 68 + -70. What is the hundreds digit of (-2)/u*-1*547/(-1)?
5
Let y(g) = 199*g**2 - 82*g + 1128. What is the hundreds digit of y(12)?
8
Suppose -h = -59*x + 56*x + 19201, 4*x - 5*h = 25605. What is the units digit of x?
0
Let p(n) = 10*n - 28. Let v(b) = 3*b - 9. Let j(k) = 6*p(k) - 21*v(k). Let z be j(7). What is the units digit of z + 50 - (84/7)/(-6)?
2
Suppose -4*c + 3*f = 18, 0 = c - 4*f - 2. What is the units digit of 2868/9 - 8/c?
0
Suppose 5*g - 30 = 2*g. Let j = -11987 - -11977. What is the hundreds digit of (-2)/g + (-1942)/j?
1
Let t(z) = -z**3 + 15*z**2 - 2*z + 27. Suppose -10*x - 2*x + 96 = 0. What is the hundreds digit of t(x)?
4
What is the tens digit of (-9123776)/(-704) + (-24)/(-22)?
6
Suppose z + 21 = 4*o, 5*o - 3*z - 15 = -4*z. Suppose -4*w + 4*f = 6 - 22, -3*f = -o*w + 12. Suppose 26*u - 23*u - 90 = w. What is the units digit of u?
0
Suppose -19*f + 101360 = f. What is the units digit of f?
8
Let m = -9 - -17. Let p be 17 - (-4)/m*-6. Suppose -4*g = -20, 4*g - 192 + p = -2*v. What is the units digit of v?
9
Suppose -l + 1 = -0. Suppose z + l - 5 = 0. Let k = z - -45. What is the units digit of k?
9
Let s = 9683 + 1095. What is the units digit of s?
8
Let g(u) = 149*u**2 - u - 2. Let t(a) = 3*a**2 - 2 + 11*a**2 - 2*a - a**3 - 13 - 21*a**2. Let b be t(-7). What is the tens digit of g(b)?
4
Suppose 2*p + 10 = -3*p. Let z(k) = -133*k - 3. What is the tens digit of z(p)?
6
What is the ten thousands digit of 95/38*19224 + 7?
4
What is the units digit of (-8 - 6223/(-35)) + (-5)/(-25)?
0
Suppose 3*c + 117 = -k + 981, 5*k - 2*c - 4303 = 0. Let f = 1603 - k. What is the tens digit of f?
4
Let r(g) = -696*g - 2050. What is the tens digit of r(-25)?
5
Let b be 23/(-2) + ((-126)/(-28))/(-9). What is the tens digit of (-1)/(-1)*((192 - b) + -1)?
0
Let n = 6038 + -4836. What is the tens digit of n?
0
Let z(j) = -j - 9. Suppose f - 5*v = -4, 5*v - 6 = -21. Let c be z(f). Suppose -c*b = -15*b + 460. What is the tens digit of b?
9
Suppose -1027398 = -14*f + 266446 - 227814. What is the hundreds digit of f?
1
Let c be (-8 - 6)/(-2) + -1451. Let m = -289 - c. What is the hundreds digit of m?
1
Let p = -404 + 640. Let r = -123 + p. Suppose 3*c - r = 61. What is the units digit of c?
8
Let m be (-37)/(-8) + 3/8. Suppose -4*o + 982 = 2*n, -7*o = 2*n - m*o - 984. What is the tens digit of n?
9
Let f(q) = -2*q**2 + 17*q + 50. Let z(d) = d**2 - 18*d - 49. Let t(x) = 2*f(x) + 3*z(x). What is the units digit of t(-16)?
7
Suppose 19*q - 18*q + 3*v = 7458, -5*v = -5*q + 37410. What is the tens digit of q?
7
Suppose 0 = 20288*z - 20282*z - 30108. What is the hundreds digit of z?
0
Suppose -117*h + 118*h - 3431 = 0. What is the thousands digit of h?
3
Let h = 102 - 66. Suppose 8*z = -z + h. Suppose 4*l + 5*q - 105 = 10, -z*q = -12. What is the units digit of l?
5
What is the hundreds digit of 49955/15 - 0 - (-2)/3?
3
Let o(c) = 1486*c**3 + 23*c**2 - 31*c - 10. What is the tens digit of o(3)?
2
Suppose 33*l - 26*l = -133. Let r(x) = x**3 + 20*x**2 + 13*x + 47. What is the hundreds digit of r(l)?
1
Suppose 60*k - 20 = 65*k. Let s(i) = -3*i**3 + 5*i**2 - 5*i - 13. What is the hundreds digit of s(k)?
2
Let t(l) = -12*l + 3. Let o be t(-7). Suppose o + 53 = -2*s. Let u = s - -77. What is the units digit of u?
7
Let d(b) = 2*b**2 + 3*b + 2. Let w be d(-3). Suppose -w*s + 15876 + 525 = 0. What is the units digit of s?
1
Let x = 72 - 66. Suppose -390 = -x*u + 714. What is the hundreds digit of u?
1
What is the hundreds digit of -6*4/(-8) - -5345?
3
Suppose 34*a + 2095 + 1033 = 126*a. What is the units digit of a?
4
Suppose -1758*f + 10073 = -1757*f. What is the thousands digit of f?
0
Let d(c) = c**3 + c**2 + c. Let m(u) = 5*u**3 - 20*u**2 + 31*u - 1. Let t(o) = 4*d(o) - m(o). What is the tens digit of t(16)?
1
Let n be (2/(-30)*-9)/(1/5). Suppose -5502 = -5*g + 4*z, n*z + 543 + 553 = g. What is the tens digit of g?
0
Suppose 4*k = 3*i - 3341, 6*i - 1673 = 2*k + 7*i. Let l = 1212 + k. What is the units digit of ((-12)/(-2))/(-2)*l/(-12)?
4
Let u(v) be the third derivative of 11/60*v**5 + 13/6*v**3 + 0 + 0*v + 10*v**2 + 1/120*v**6 + 13/24*v**4. What is the tens digit of u(-9)?
5
Suppose 10*y = -5*d + 778995, 41*y + 233692 = 44*y - 5*d. What is the thousands digit of y?
7
Suppose 3235*k - 36980 = 3215*k. What is the tens digit of k?
4
Let l(g) = 4*g**2 + 37*g + 7. Let y be l(-9). What is the thousands digit of (-2504)/y + 42/(-6)?
1
Suppose 3*i - 20 - 91 = 0. Let p = i - 39. What is the tens digit of 336/3 + 6/p?
0
Let z(h) = -9*h + 9. Let v be z(3). Let i be (-10624)/v - ((-21)/27 - -1). Suppose -i = -15*k - 230. What is the units digit of k?
4
Suppose 102*j - 106*j + 19063 = f, 5*j + 5*f = 23810. What is the